 when ((-20)/b)/((-2)/65) is divided by 9?
8
Let d = 41 - 41. Let h be (d - -1) + 37 + -3. Suppose h = f - 5*u - 20, 5*u - 145 = -3*f. What is the remainder when f is divided by 13?
11
Suppose o + 524888 = 12*x + 44735, 0 = -5*o + 15. What is the remainder when x is divided by 247?
246
Let c(g) = -8*g - 14. Let u be c(-18). What is the remainder when 25 is divided by 2/(4/10)*234/u?
7
Let g be 2034/15 - (-4)/10. Let l = 150 - g. Calculate the remainder when 152 is divided by l.
12
Let r(g) = -3*g - 6. Suppose 3*l - 153 + 39 = 0. Let x = 90 - l. What is the remainder when x is divided by r(-11)?
25
Suppose 4 - 43 = -3*s. Calculate the remainder when 291 is divided by s.
5
Let z = 35 + -101. Let g = -20640 + 20648. Calculate the remainder when 10/3*z/(-4) is divided by g.
7
Suppose -350*p + 180*p - 203 = -177*p. Suppose -4*u = -3*u - 19. What is the remainder when p is divided by u?
10
Suppose 363*v - 6923 + 1361 = 357*v. Calculate the remainder when v is divided by 19.
15
Suppose b + 66 = s + 3*s, 0 = 3*s + 2*b - 44. Calculate the remainder when 1*(s/(-4) - -113) is divided by 54.
1
Suppose 0 = -3*x + 163 - 64. What is the remainder when 104/(-1196) + (11115/69)/1 is divided by x?
29
Suppose 4*k + 6*t = t + 417, -3*k + 279 = -3*t. Calculate the remainder when 674 is divided by k.
86
Let z(g) = 2*g**2 - 4*g + 26. Suppose 2*v - 2*v = 22*v. Calculate the remainder when z(v) is divided by 10.
6
Suppose 13*k = 9*k + 5368. Suppose -k = 7*u - 1419. What is the remainder when 13 is divided by u?
2
Let l = 370 - 0. Suppose -208 = 6*t - l. Calculate the remainder when 187 is divided by t.
25
Let c(n) = 8*n - 5. Let x be c(3). Suppose 3*s = -q + x, 0 = 4*q + 11*s - 6*s - 48. What is the remainder when 40 is divided by q?
5
Let o(z) = -14*z - 741. Let c be o(-53). Let d(a) = 0*a - 2 + a**2 + 2*a + 20*a**2. What is the remainder when d(c) is divided by 5?
1
Calculate the remainder when (1290/(-135) - -10)/((-3)/(-54)) is divided by 1.
0
Let w = 177 + -99. Calculate the remainder when 97 is divided by w.
19
Suppose 0 = -s + 5 - 0, 0 = -z - s + 45. Calculate the remainder when 46980/120*208/351 is divided by z.
32
Suppose 2*q + 34*c - 30*c = 8198, 6*q + 4*c - 24562 = 0. What is the remainder when q is divided by 117?
113
Suppose -39*j - 45*j = -10*j - 3626. What is the remainder when 969 is divided by j?
38
Let x = -16 + 40. Suppose 86 = 35*u - 19. What is the remainder when 4/(-4 + u) + (4 - -91) is divided by x?
19
Let b(f) = 52*f**2 - 17*f - 4. What is the remainder when b(9) is divided by 104?
103
Suppose 6*d + 6 = 8*d. Suppose -d*g + 14 = 17. Let m(n) = -17*n - 1. What is the remainder when m(g) is divided by 9?
7
Let c(i) = 3*i**2 + 11*i + 16. Let r(t) = -5*t**2 - 17*t - 24. Let m(u) = -8*c(u) - 5*r(u). What is the remainder when m(10) is divided by 21?
20
Suppose 5*y - 16*y + 7410 = 15*y. What is the remainder when y is divided by 12?
9
Let l(r) = 2*r**3 + 17*r**2 - 22*r - 43. Calculate the remainder when l(9) is divided by 20.
14
Suppose -3*r = 4*k - 123, -4*k + 73 = r - 8*k. Calculate the remainder when 732 is divided by r.
46
Suppose -208 = i - 4*f - 626, 0 = 3*f + 15. Let o = 412 - i. What is the remainder when 35 is divided by o?
7
Suppose 3*j - 15 = -3*l, 4*l - 5*j + 4*j - 10 = 0. Calculate the remainder when 17 is divided by l.
2
Suppose -2*n + 223 = t + 62, 4*t = 3*n - 236. Let l be 2/5 + 23/5. Suppose -8 = -l*u + 97. What is the remainder when n is divided by u?
17
Let s = 58 - 51. Suppose -286 = s*y + 400. Let k = -14 - y. What is the remainder when k is divided by 22?
18
Let y = -118 - -86. Let x = -37 - y. Let h(d) = -20*d - 11. What is the remainder when h(x) is divided by 23?
20
Let q = 993 + -858. Calculate the remainder when q is divided by 34.
33
Let t(m) be the third derivative of -25*m**4/24 - 10*m**3 - 2*m**2 + 8*m. What is the remainder when t(-13) is divided by 45?
40
Let y(r) = -r**3 - 28*r**2 - 26*r + 121. Calculate the remainder when 553 is divided by y(-27).
83
Let x(d) be the second derivative of -5*d**4/12 - d**3/6 + 43*d**2/2 - 2*d + 11. Calculate the remainder when 127 is divided by x(0).
41
Let x = -228 - -231. Suppose -x*m = -2*m - 69. What is the remainder when m is divided by 19?
12
Let u be -2 - (-5 - 3664/(-8)). Let x = -429 - u. Calculate the remainder when 304 is divided by x.
18
Let j(s) = -25*s - 4. Suppose 0 = r - 3*r + 10, -1211 = -l - r. What is the remainder when 3/2 + l/12 is divided by j(-1)?
18
Suppose 0 = 2*t - 2*f - 340, -t - 4*f - 8676 = -8801. Calculate the remainder when t is divided by 110.
51
Let q(r) = 6*r - 6. Let w be q(5). Calculate the remainder when w*(-3 + (-34)/(-4)) is divided by (-689)/(-26) - (-4)/8.
24
Let v(w) = -w**2 + 10. Let r(f) = -f**2 - f + 9. Let d(m) = 4*r(m) - 5*v(m). Let s be d(7). What is the remainder when 18 is divided by ((-6)/s)/((-24)/112)?
2
Suppose -2 = -2*a, a + 1 = 3*y - 2*y. Suppose -5*g + y*w + 25 = 0, -w - 21 = 5*g - 61. What is the remainder when g is divided by 2?
1
Let g be ((-279)/2)/((-15)/40). Suppose -g = -5*y - 3*k, -136 = -2*y + 2*k - 0*k. Calculate the remainder when y is divided by 25.
22
Let t(p) = p + 7. Let n be t(-4). Suppose n*u - 5*h - 242 = -u, -2*u + h + 118 = 0. Let r = u + -18. Calculate the remainder when 157 is divided by r.
37
Let q(k) = -k**2 - 13*k - 24. Let b be q(-13). Let u = b + 28. Suppose -s + 110 = 4*s - 2*l, 3*s - 40 = -u*l. Calculate the remainder when s is divided by 4.
0
Let x(r) = -97*r + 835. Calculate the remainder when x(8) is divided by 18.
5
Let h be ((-36)/3)/3 - 1320/(-2). Suppose 0 = 5*t - 2*l - 0*l - h, 2*l - 4 = 0. Suppose t = -246*m + 247*m. Calculate the remainder when m is divided by 34.
30
Let y(g) = -1069*g + 71. Calculate the remainder when y(-2) is divided by 17.
16
Suppose -2601 = -58*l + 3953. Calculate the remainder when 1014 is divided by l.
110
Let k = 36292 - 36087. Let t = -78 - -121. What is the remainder when k is divided by t?
33
Suppose 555 = -15*w + 20*w. What is the remainder when w*3/4*176/198 is divided by 21?
11
Suppose -328*c = -325*c - 4*r - 32167, -3*r - 32166 = -3*c. What is the remainder when c is divided by 36?
29
Let n(o) = -19*o + 4. Let c(h) = -h - 1. Let z(r) = 6*c(r) - n(r). Let k(g) = -9*g**3 - g**2 + g + 1. What is the remainder when z(3) is divided by k(-1)?
5
Suppose 9*z - 429 = 111. Let j = z + -76. What is the remainder when (-4)/(-32) + (-1502)/j is divided by 24?
22
Let i = -2646 - -2715. Calculate the remainder when 69 is divided by i.
0
Let l(n) = n**2 + 10*n - 8. Let w be l(2). Calculate the remainder when ((-1131)/(-52))/(12/w) is divided by 13.
3
Suppose -p + 4*p = -2*a + 11, 5*p = 5. Let r be (82/a)/((63/14)/9). Suppose 4*q - 117 = -r. What is the remainder when q is divided by 7?
5
Let h = -218 - -232. Let z be (6/4)/(15/(-160)). Let l = 19 + z. What is the remainder when h is divided by l?
2
Suppose 564 = 25*i - 22*i. Let c = -76 + i. Suppose 19*m = 16*m + 72. What is the remainder when c is divided by m?
16
Let z = -4037 - -4128. What is the remainder when z is divided by 51?
40
Suppose 2*h + 8*k = 3*k + 7, -3*h - 3*k + 33 = 0. Suppose -4*p + 682 = 690. Let w(z) = 7*z**2 + z + 5. What is the remainder when w(p) is divided by h?
15
Suppose -222*g - 145*g = 19*g - 20072. What is the remainder when 532 is divided by g?
12
Suppose -10 = -5*i, 34 = 8*y - 7*y - i. Calculate the remainder when 727 is divided by y.
7
Let z = 5 - 1. Suppose 0 = 5*d - 3*s - 77 + 13, -3*d + 52 = 5*s. Suppose -13*v - 1 + d = 0. Calculate the remainder when z is divided by v.
0
Calculate the remainder when 1171*(264/(-24) + (-24)/(-2)) is divided by 6.
1
Let b = -153 + 157. Suppose 298 = 2*g + 2*l, -b*g + 5*l + 584 = 6*l. Calculate the remainder when g is divided by 49.
47
Let j(g) = -g**2 + 11*g - 8. Let p(z) = 6*z**3 + 4*z**2 - z - 1. Let u be p(1). Suppose q + u = 14. What is the remainder when 62 is divided by j(q)?
18
Let b(v) = -v + 23. Suppose -16*h - 36*h = -260. What is the remainder when b(11) is divided by h?
2
Let v(n) = n**3 + 68*n**2 - 213*n + 24. What is the remainder when v(-71) is divided by 14?
10
Let q(t) = t**2 + 18*t. Let a be q(-18). Suppose 0 = 2*w - a*w - 8. Suppose -w*j + 1260 = 8*j. What is the remainder when j is divided by 12?
9
Suppose -4*b + 5*c = -53512, 4*b + 